lse
Does 15 divide 417323231?
False
Does 1720 divide 150916891?
False
Does 2046 divide 566770644?
True
Does 56 divide 85680813?
False
Is 1825747209 a multiple of 3861?
True
Is 107 a factor of 5503976?
False
Is 1009 a factor of 374836437?
True
Does 280 divide 296925440?
True
Does 72 divide 35320428?
False
Does 530 divide 30292150?
True
Does 28 divide 108862348?
True
Is 44390609 a multiple of 649?
False
Is 1050734066 a multiple of 2479?
True
Is 315832440 a multiple of 1672?
True
Is 21235296 a multiple of 4?
True
Is 40094556 a multiple of 1362?
True
Is 661 a factor of 703661966?
False
Does 166 divide 131425520?
True
Is 137121935 a multiple of 42?
False
Is 57450642 a multiple of 138?
True
Does 120 divide 1915742071?
False
Does 7635 divide 1638768765?
True
Does 10 divide 6264619?
False
Is 65 a factor of 146490017?
False
Is 61 a factor of 194884142?
True
Is 5850936 a multiple of 69?
False
Does 169 divide 16671640?
False
Is 607 a factor of 543755456?
True
Is 21 a factor of 313395948?
False
Does 462 divide 136058538?
True
Is 3448475075 a multiple of 17?
True
Does 60 divide 2838245069?
False
Does 65 divide 1001144657?
False
Is 2859851728 a multiple of 9?
False
Is 22381089 a multiple of 950?
False
Is 2017312878 a multiple of 133?
True
Does 61 divide 74566410?
False
Is 49 a factor of 1509090730?
True
Is 17895702 a multiple of 257?
False
Is 10 a factor of 14909030?
True
Is 697 a factor of 882792970?
False
Is 14216729 a multiple of 40?
False
Does 3980 divide 476823114?
False
Does 477 divide 35933841?
True
Does 808 divide 157320024?
True
Is 23146838 a multiple of 21?
False
Is 830010000 a multiple of 16?
True
Is 37773868 even?
True
Does 83 divide 151298367?
False
Is 337 a factor of 275626357?
False
Is 12846708 a multiple of 126?
True
Does 624 divide 163326033?
False
Does 311 divide 2815505?
False
Is 364852325 a multiple of 615?
False
Is 1642 a factor of 15866646?
True
Does 134 divide 73849812?
True
Does 243 divide 243884576?
False
Is 15466822 a multiple of 199?
False
Is 1018609315 a multiple of 10801?
False
Is 402341167 a multiple of 2524?
False
Is 4279261886 a multiple of 84?
False
Is 66 a factor of 1311948?
True
Does 16 divide 143334234?
False
Is 4178 a factor of 51251526?
True
Does 1588 divide 112316064?
True
Does 150 divide 202567847?
False
Does 13 divide 4595596958?
False
Does 244 divide 5306268?
True
Does 232 divide 892465949?
False
Does 179 divide 1508400422?
True
Is 1647993840 a multiple of 2292?
True
Does 2554 divide 1118008392?
True
Is 19 a factor of 161334472?
True
Is 3 a factor of 147058332?
True
Is 6017702244 a multiple of 12?
True
Is 641206218 a multiple of 976?
False
Does 16 divide 29246080?
True
Is 41 a factor of 172993814?
False
Is 3063099969 a multiple of 12437?
False
Is 307397715 a multiple of 742?
False
Is 36 a factor of 8882767?
False
Does 40 divide 663035204?
False
Does 22 divide 15814774?
False
Does 6 divide 2125574022?
True
Is 162461790 a multiple of 4065?
True
Does 25 divide 613667550?
True
Does 1893 divide 59462916?
True
Does 37 divide 180811489?
True
Is 212841258 a multiple of 357?
True
Is 7 a factor of 5914036?
False
Is 318 a factor of 7580119?
False
Does 10 divide 620330400?
True
Is 14160567 a multiple of 10?
False
Is 129732288 a multiple of 24?
True
Does 3 divide 1050978?
True
Does 600 divide 173697600?
True
Is 447 a factor of 147387075?
True
Is 111 a factor of 82860612?
True
Does 14 divide 68961512?
False
Is 49 a factor of 2682466682?
True
Is 19057806 a multiple of 11?
False
Is 259257264 a multiple of 14?
True
Does 167 divide 13254623?
True
Is 82894470 a multiple of 30?
True
Is 423231446 a multiple of 681?
False
Is 1070210177 a multiple of 1346?
False
Is 200 a factor of 2838400?
True
Is 332850167 a multiple of 2885?
False
Does 243 divide 140520825?
True
Is 168 a factor of 78500352?
True
Is 472223910 a multiple of 2462?
True
Does 13 divide 2401959606?
False
Is 134714997 a multiple of 2280?
False
Does 101 divide 12151310?
True
Does 19 divide 712875?
False
Does 10 divide 1405041120?
True
Does 2194 divide 1044830977?
False
Is 6430688 a multiple of 8?
True
Is 351727299 a multiple of 11?
True
Is 290290605 a multiple of 369?
False
Is 209 a factor of 2685132479?
False
Does 13 divide 166940406?
False
Is 695522374 a multiple of 134?
False
Is 86566897 a multiple of 562?
False
Is 13 a factor of 22563455?
False
Is 34 a factor of 38754186?
True
Is 190 a factor of 2585988?
False
Is 160 a factor of 2907570971?
False
Is 15 a factor of 73656690?
True
Is 807818704 a multiple of 49?
True
Is 189153369 a multiple of 17?
False
Does 140 divide 16803639?
False
Is 586426050 a multiple of 699?
True
Is 88099055 a multiple of 234?
False
Does 108 divide 30715632?
True
Does 261 divide 160105830?
False
Does 61 divide 6183448?
True
Is 184583737 a multiple of 2483?
True
Does 1280 divide 317212160?
True
Does 573 divide 2888815500?
False
Is 20910223 even?
False
Is 64 a factor of 16916544?
True
Does 2020 divide 163174453?
False
Does 280 divide 781552739?
False
Does 455 divide 18156320?
True
Is 9866147 even?
False
Does 7418 divide 117018950?
True
Is 196 a factor of 450986861?
False
Is 22710126 a multiple of 3?
True
Is 891 a factor of 14720211?
True
Does 18 divide 3692304?
True
Is 385 a factor of 89705?
True
Is 754126 a multiple of 76?
False
Is 235139446 a multiple of 5758?
True
Is 5264 a factor of 173875184?
True
Is 109783858 a multiple of 34?
True
Does 294 divide 48962172?
True
Does 120 divide 232921920?
True
Does 1997 divide 286471873?
False
Does 94 divide 143401654?
False
Does 1927 divide 805752534?
False
Does 37 divide 878138205?
True
Is 464954228 a multiple of 73?
True
Does 141 divide 4141533?
False
Is 75320676 a multiple of 235?
False
Is 5 a factor of 8962687?
False
Is 1895 a factor of 21094092?
False
Is 1739169 a multiple of 27?
False
Is 235 a factor of 186886335?
True
Is 195 a factor of 11850408?
False
Is 20467619 a multiple of 9?
False
Is 3 a factor of 371385?
True
Is 13049200 a multiple of 20?
True
Does 428 divide 669470097?
False
Does 469 divide 533713089?
True
Is 486781815 a multiple of 13?
True
Does 155 divide 2257918635?
True
Is 32 a factor of 241866673?
False
Does 1868 divide 160068920?
True
Does 356 divide 742778336?
True
Is 12 a factor of 9408756?
True
Is 40802580 a multiple of 1484?
True
Is 348 a factor of 76183116?
True
Is 2321552640 a multiple of 352?
True
Is 409 a factor of 671483961?
False
Is 484998948 a multiple of 40?
False
Does 486 divide 9833714?
False
Is 566846039 a multiple of 1103?
True
Is 40 a factor of 45885545?
False
Is 26942574 a multiple of 423?
False
Is 123727800 a multiple of 1400?
True
Is 14 a factor of 92714846?
True
Is 1159349200 a multiple of 25?
True
Is 107029327 a multiple of 8?
False
Is 16701535 a multiple of 164?
False
Is 2463 a factor of 51314142?
True
Is 536 a factor of 63953419?
False
Is 116510908 a multiple of 6436?
True
Does 55 divide 1897104543?
False
Does 15 divide 274482492?
False
Does 287 divide 128253699?
True
Is 173511282 a multiple of 378?
False
Is 131980540 a multiple of 20?
True
Does 770 divide 332157463?
False
Is 11832756 a multiple of 156?
True
Does 15 divide 184299123?
False
Does 390 divide 340327674?
False
Is 5 a factor of 17824635?
True
Does 163 divide 123528083?
True
Is 23 a factor of 471021383?
False
Is 9748 a factor of 571401798?
False
Is 253 a factor of 69202107?
False
Is 470 a factor of 37212007?
False
Does 23 divide 339582097?
True
Is 267147210 a multiple of 96?
False
Does 950 divide 16001800?
True
Is 108247660 a multiple of 29?
False
Is 105 a factor of 15541330?
False
Is 68670639 a multiple of 647?
True
Is 8314131 a multiple of 757?
True
Is 55089772 a multiple of 2?
True
Is 12 a factor of 670239144?
True
Is 23 a factor of 63522791?
False
Is 443906344 a multiple of 13?
False
Does 7 divide 782369?
True
Does 132 divide 5820188?
False
Does 1002 divide 315914517?
False
Does 157 divide 109307639?
True
Is 203633500 a multiple of 875?
True
Is 834 a factor of 1744481683?
False
Is 103470202 a multiple of 3683?
True
Does 1242 divide 11739384?
True
Is 117193853 a multiple of 303?
False
Is 48 a factor of 274639008?
True
Is 380 a factor of 126953213?
False
Is 7822655 a multiple of 89?
True
Is 346 a factor of 11272680?
True
Is 1119 a factor of 1127087207?
False
Is 27195797 a multiple of 7?
False
Is 33 a fa